 w(-387).
-5
Let d(t) = 258*t - 7162. Determine d(23).
-1228
Let b(l) = -1013*l**2 + 57*l - 14. Determine b(0).
-14
Let g(f) = -45*f**3 - f**2 - f - 7. Give g(2).
-373
Let b(c) = 1837*c - 400449. Calculate b(218).
17
Let n(c) = -9036*c + 33357. Give n(4).
-2787
Let a(k) = 41*k**3 + k**2 + 86*k - 332. Calculate a(4).
2652
Let i(r) = 32*r + 3214. Calculate i(-77).
750
Let a(r) = 474*r**2 + 9958*r + 22. Calculate a(-21).
-62
Let m(l) = -423549*l + 1694193. What is m(4)?
-3
Let l(v) = 32*v**2 - 5273*v - 1112. Determine l(165).
43
Let x(o) = 2*o**3 + 4*o**2 + 648*o + 2612. Determine x(-4).
-44
Let p(s) = 55*s - 540. Calculate p(7).
-155
Let t(q) = 3*q**3 + 129*q**2 + 1382*q - 84. What is t(-21)?
0
Let z(o) = 5043*o + 4896. Determine z(-1).
-147
Let y(v) = -129803*v + 778511. Determine y(6).
-307
Let m(n) = n**3 - 66*n**2 - 926*n - 7971. Give m(79).
8
Let z(g) = 130*g**3 - 2254*g + 4513. What is z(2)?
1045
Let w(c) = -5693*c - 375718. Determine w(-66).
20
Let u(x) = x**3 + 114*x**2 + 448*x - 481. Give u(-5).
4
Let h(g) = 3*g**2 - 81*g + 49. Calculate h(9).
-437
Let f(i) = 39*i**3 + 29*i - 369. Calculate f(5).
4651
Let w(u) = -77*u - 1345. What is w(-16)?
-113
Let o(v) = v**2 + 13*v - 3364. What is o(-56)?
-956
Let h(l) = -6*l**3 - 312*l**2 - 328*l - 296. Give h(-51).
826
Let p(l) = 389699*l - 7404277. Calculate p(19).
4
Let f(g) = -445*g - 23679. Calculate f(-53).
-94
Let y(o) = 1159*o + 98539. What is y(-85)?
24
Let v(m) = m**3 + 18*m**2 - 19239*m - 325. What is v(130)?
-195
Let p(y) = -3*y**3 - 355*y**2 + 233*y - 531. Calculate p(-119).
64
Let w(p) = -17*p**2 + 9303*p + 48. Calculate w(0).
48
Let h(z) = 128*z**2 + 2096*z + 2094. Determine h(-1).
126
Let l(f) = 213*f + 1500. Calculate l(-16).
-1908
Let t(s) = 3*s**3 - 144*s**2 + 381*s + 1076. Calculate t(45).
-4
Let o(p) = p**3 - 219*p**2 - 14*p + 3034. Give o(219).
-32
Let c(n) = 33891*n + 643705. Determine c(-19).
-224
Let l(t) = -t**3 + 107*t**2 + 880*t - 322. Determine l(-8).
-2
Let k(m) = m**3 - 11*m**2 + 67*m - 1080. Calculate k(13).
129
Let q(z) = -z**3 - 400*z**2 + 8*z + 37. Determine q(0).
37
Let f(q) = 4825*q + 602483. Determine f(-125).
-642
Let v(d) = -48*d - 611. What is v(0)?
-611
Let z(w) = 502*w + 3684. Determine z(-7).
170
Let x(l) = 20200*l - 3272389. What is x(162)?
11
Let h(b) = -4*b**3 - 211*b**2 + 2882*b - 28. Determine h(-64).
-156
Let u(o) = -61*o**2 + 165*o + 157. What is u(-1)?
-69
Let m(b) = 26*b**2 + 4783*b - 9574. What is m(2)?
96
Let a(d) = 332*d**2 - 159694*d + 1477. Give a(481).
515
Let n(y) = 9*y**3 + 970*y**2 + 753*y + 184. Give n(-107).
-244
Let k(o) = -2*o**2 + 2747*o - 710343. What is k(1028)?
5
Let c(w) = 1144165*w - 4576664. Calculate c(4).
-4
Let q(o) = 13*o**3 + 119*o**2 + 12*o - 67. Calculate q(-9).
-13
Let n(z) = 5*z**3 - 180*z**2 + 2298*z - 74296. Calculate n(35).
9
Let u(a) = -6*a**2 - 541*a + 9275. What is u(15)?
-190
Let y(k) = 120471*k - 3975541. What is y(33)?
2
Let n(c) = -3*c**3 + 165*c**2 - 824*c + 45404. What is n(55)?
84
Let y(h) = 192172*h - 384383. Give y(2).
-39
Let w(b) = 64*b**3 - 6276*b**2 + 388*b + 375. Calculate w(98).
-17
Let g(i) = 3*i**2 + 82*i - 4869. What is g(-56)?
-53
Let f(a) = 21*a**2 + 2047*a - 4158. Give f(2).
20
Let u(f) = 19083*f - 477101. What is u(25)?
-26
Let t(r) = -r**3 + 22*r**2 + 462*r - 6705. What is t(30)?
-45
Let q(k) = -1066*k - 84217. Give q(-79).
-3
Let l(m) = -2*m**2 - 186*m - 1302. Give l(-7).
-98
Let z(r) = -2*r**2 - 651*r - 783. Give z(-323).
832
Let f(k) = -179*k + 1224. Calculate f(7).
-29
Let d(p) = -12*p**3 - 16*p**2 - 75*p - 75. Give d(-1).
-4
Let p(g) = -54*g**2 - 110*g - 337. What is p(-3)?
-493
Let s(g) = 607*g - 5726. Determine s(10).
344
Let o(d) = -2*d**3 - 984*d**2 - 1294*d - 153172. Calculate o(-491).
20
Let y(i) = 30*i - 438. What is y(-27)?
-1248
Let k(g) = -113*g + 7368. Determine k(65).
23
Let o(p) = 40*p**3 - 736*p**2 + 290*p - 14. Give o(18).
22
Let v(c) = 385179*c + 1155494. Calculate v(-3).
-43
Let y(n) = n**3 + n**2 + 28*n + 1. Determine y(-4).
-159
Let t(z) = -407*z**2 - 139605*z - 1377. Determine t(-343).
-5
Let d(r) = r**2 - 47*r - 829. Give d(72).
971
Let o(z) = -2*z**2 + 946*z + 16655. Calculate o(490).
-5
Let v(j) = 3*j**3 + 88*j**2 + 646*j - 60. Give v(-16).
-156
Let i(k) = -5*k**3 - 1474*k**2 - 1147*k + 8522. Give i(-294).
-4
Let n(t) = t**3 - 44*t**2 - 3604*t - 475. Calculate n(86).
213
Let c(d) = -23*d - 64. Determine c(35).
-869
Let k(l) = -l**2 - 4155*l - 184952. Give k(-45).
-2
Let z(s) = 575*s**3 - 10*s**2 + 87*s - 78. Calculate z(1).
574
Let z(g) = g**2 - 17*g - 24. Determine z(-7).
144
Let i(d) = 57*d**2 - 167*d - 325. Calculate i(-2).
237
Let m(f) = 112*f**2 - 989*f - 182. What is m(9)?
-11
Let i(u) = 50239*u + 653050. Determine i(-13).
-57
Let r(k) = 23*k**2 + 56*k + 52. What is r(-2)?
32
Let c(w) = 20573*w + 617239. Determine c(-30).
49
Let w(d) = d**3 - 67*d**2 - 291*d + 19103. Calculate w(67).
-394
Let q(w) = 3*w**3 + 21*w**2 - 143*w + 54. What is q(4)?
10
Let s(n) = 1718*n - 51797. Give s(33).
4897
Let m(q) = -2*q**3 - 11*q**2 + 587*q + 2393. Give m(-4).
-3
Let n(w) = -2*w**2 - 10875*w + 6429628. Give n(538).
-10
Let a(y) = -y**2 - 930*y - 18213. Give a(-20).
-13
Let j(d) = -d**2 + 386449*d + 6. Calculate j(0).
6
Let g(z) = -378879*z - 4167646. Determine g(-11).
23
Let l(p) = -1663*p + 35991. What is l(21)?
1068
Let v(z) = 6*z**2 - 4*z - 310. Give v(8).
42
Let v(w) = -11*w**3 + 222*w**2 + 195*w - 98. Calculate v(21).
28
Let x(s) = -6*s**3 - 130*s**2 + 17*s + 18. Calculate x(-22).
612
Let f(u) = -2407*u - 315903. Determine f(-131).
-586
Let w(h) = -h**3 - 322*h**2 + 360*h + 218605. Determine w(-321).
4
Let z(u) = 63*u - 1296. Determine z(31).
657
Let r(z) = -8*z**3 - 32*z**2 + 95531*z + 382120. What is r(-4)?
-4
Let a(o) = -o**3 + 30*o**2 + 385*o - 15. Give a(40).
-615
Let a(t) = 4*t**2 - 1516*t + 143583. What is a(193)?
-9
Let g(o) = 1134*o + 8847. Determine g(-8).
-225
Let b(q) = -12468*q + 585992. What is b(47)?
-4
Let p(n) = -3*n**3 - 7*n**2 - 20*n + 107. Give p(3).
-97
Let j(n) = 3*n**3 - 134*n**2 + 259*n - 7665. What is j(44)?
-141
Let y(k) = k**3 - 60*k**2 - 6855*k - 631. Calculate y(-58).
7
Let l(i) = -3*i**3 - i**2 - 19859*i - 59606. Determine l(-3).
43
Let y(q) = -4960*q - 317020. Determine y(-64).
420
Let u(t) = 2780*t + 3676. Determine u(-2).
-1884
Let f(q) = 1723*q - 129004. What is f(75)?
221
Let d(w) = 34171*w + 9362866. Determine d(-274).
12
Let u(y) = 12*y**2 + 1313*y - 49. Give u(-110).
721
Let q(p) = 145282*p + 1888664. Give q(-13).
-2
Let p(w) = 4594*w + 367500. Calculate p(-80).
-20
Let w(a) = -a**2 + 643*a - 20449. Give w(33).
-319
Let d(t) = -51885*t - 570764. Determine d(-11).
-29
Let r(k) = 4215*k - 4784. What is r(1)?
-569
Let f(b) = 190*b + 1824. Give f(-10).
-76
Let y(q) = 2*q**3 + 6*q**2 - 5*q + 348. Determine y(-7).
-9
Let i(b) = b**3 + 79*b**2 + 378*b + 1223. Give i(-74).
631
Let x(u) = -2*u**2 - 1596342*u - 7. Calculate x(0).
-7
Let w(u) = 310*u - 119554. Determine w(385).
-204
Let g(u) = u**3 + 15*u**2 - 8323*u - 116723. Calculate g(-14).
-5
Let c(z) = z**3 + 1313*z**2 - 18581*z + 39. Determine c(14).
-3
Let k(v) = -2759*v + 380835. Give k(138).
93
Let l(u) = u**3 + 38*u**2 - 57*u + 862. Determine l(-40).
-58
Let q(a) = 53*a**2 + 5755*a + 119583. Calculate q(-28).
-5
Let u(q) = 233973*q - 1169784. Calculate u(5).
81
Let t(j) = 1036*j + 480721. Calculate t(-464).
17
Let h(o) = -9*o**3 - 766*o**2 - 84*o + 100. Determine h(-85).
15
Let h(u) = -u**2 + 1437*u + 78416. Calculate h(-53).
-554
Let k(g) = 4*g**2 - 19*g - 1850. Give k(24).
-2
Let t(m) = -16*m**2 + 1671*m + 4981. Give t(-3).
-176
Let l(f) = 91*f**3 - 9*f**2 - 67*f + 69. Determine l(1).
84
Let z(v) = 2*v**3 - 8*v**2 - 5*v + 84. Determine z(6).
198
Let h(v) = 2*v**3 + 297*v**2 - 1803*v - 3. Determine h(6).
303
Let w(x) = 3260*x - 163129. Give w(50).
-129
Let a(n) = 2*n**2 + 1492*n + 200640. What is a(-570)?
0
Let q(m) = 2472*m - 25070. Give q(10).
-350
Let l(q) = -8*q**2 - 75284*q - 451784. What is l(-6)?
-368
Let a(o) = -4*o**3 + 119*o**2 + 133*o + 596. What is a(31)?
-86
Let g(m) = m**3 + 1758*m**2 + 1818*m + 107180. Determine g(-1757).
3
Let m(b) = -961*b - 6754. What is m(-7)?
-27
Let u(k) = -2*k**3 - 76*k**2 + 418*k + 8. Determine u(6).
-652
Let i(g) = 2*g**3 - 123*g**2